8?
True
Does 10 divide 15879570?
True
Does 1579 divide 95251596?
True
Does 235 divide 388887019?
False
Does 187 divide 311827951?
False
Does 22 divide 479776453?
False
Is 40 a factor of 29435147?
False
Is 356334060 a multiple of 6945?
True
Is 107718016 a multiple of 46?
True
Is 17 a factor of 396415417?
False
Is 590 a factor of 215681132?
False
Is 1775172766 a multiple of 1711?
True
Does 53 divide 3688664?
False
Does 8 divide 6044086?
False
Is 10190 a factor of 1688939002?
False
Does 12 divide 89327712?
True
Does 20 divide 40982561?
False
Is 1733487648 a multiple of 8?
True
Is 11 a factor of 55228781?
False
Does 157 divide 225247743?
True
Is 7516504 a multiple of 346?
True
Is 26686159 a multiple of 49?
False
Is 11 a factor of 440561781?
True
Does 81 divide 16337577?
False
Is 139 a factor of 35286348?
False
Does 6689 divide 680692707?
True
Does 29 divide 18298108?
False
Is 1366850311 a multiple of 4?
False
Is 1218 a factor of 92861538?
True
Is 22 a factor of 35502962?
True
Is 20 a factor of 474516?
False
Is 917980 a multiple of 4?
True
Does 8 divide 347431914?
False
Is 1421 a factor of 3830663592?
True
Is 751 a factor of 192604464?
True
Does 501 divide 772903668?
False
Is 61946465 a multiple of 42?
False
Is 32267439 a multiple of 972?
False
Is 31979038 a multiple of 182?
True
Does 155 divide 2878040?
True
Is 98310051 a multiple of 408?
False
Does 3770 divide 618453420?
True
Does 74 divide 7218580?
False
Is 405360360 a multiple of 362?
True
Is 125 a factor of 22202453?
False
Is 158693216 a multiple of 44?
True
Is 20 a factor of 263487239?
False
Is 37 a factor of 14507190?
False
Is 1482196 a multiple of 307?
True
Does 17 divide 516876033?
False
Does 8 divide 6188772?
False
Is 357998805 a multiple of 14?
False
Does 4065 divide 228208546?
False
Is 200 a factor of 729286?
False
Is 33035889 a multiple of 57?
True
Does 2769 divide 8323614?
True
Does 117 divide 11041077?
False
Does 9 divide 25215588?
True
Is 276510204 a multiple of 31?
True
Is 12 a factor of 86277024?
True
Is 725 a factor of 98890000?
True
Is 1124 a factor of 18750568?
True
Is 36 a factor of 1327216392?
True
Does 5 divide 17674685?
True
Is 4929 a factor of 22093508?
False
Is 2354710410 a multiple of 305?
True
Is 45 a factor of 39283152?
False
Is 28 a factor of 8409365?
False
Is 300190197 even?
False
Is 1622581656 a multiple of 8714?
True
Does 51 divide 851631354?
True
Does 2385 divide 561735857?
False
Does 1218 divide 172905621?
False
Is 149 a factor of 186870706?
False
Is 30 a factor of 36608370?
True
Is 1991850854 a multiple of 1588?
False
Does 320 divide 29989494?
False
Does 42 divide 2502116?
False
Is 60350928 a multiple of 11?
True
Is 13181804 a multiple of 144?
False
Does 79 divide 529199558?
False
Is 7525926 a multiple of 3?
True
Is 29279890 a multiple of 5?
True
Is 57513304 a multiple of 4124?
True
Does 298 divide 31596888?
False
Is 248338968 a multiple of 148?
True
Does 141 divide 60605752?
False
Is 1969 a factor of 189476870?
True
Is 58 a factor of 3431976?
True
Does 49 divide 95135643?
False
Is 48307032 a multiple of 36?
True
Is 1045 a factor of 18321985?
True
Is 498519360 a multiple of 3888?
True
Does 91 divide 42497182?
True
Does 6 divide 32735330?
False
Does 97 divide 6816384?
True
Does 21 divide 50947697?
False
Is 1837 a factor of 1605466357?
True
Is 1574 a factor of 2003339373?
False
Is 35395024 a multiple of 1064?
True
Does 28 divide 2746442958?
False
Does 426 divide 305204292?
True
Is 24170166 a multiple of 551?
True
Does 264 divide 62134148?
False
Does 57 divide 6672610?
False
Does 6 divide 140070552?
True
Is 13773720 a multiple of 60?
True
Does 11 divide 355387254?
False
Does 14 divide 302297049?
False
Is 297 a factor of 722405277?
True
Does 7 divide 33329849?
True
Is 1177 a factor of 1280811400?
True
Is 1912 a factor of 492205587?
False
Does 19 divide 57764158?
False
Is 6 a factor of 22901131?
False
Is 264094472 a multiple of 206?
True
Does 23 divide 288379815?
False
Is 520156372 a multiple of 276?
False
Is 344 a factor of 136016916?
False
Is 141 a factor of 1458762434?
False
Is 2015790 a multiple of 87?
True
Is 1278310 a multiple of 110?
True
Does 1758 divide 30583723?
False
Does 974 divide 128022335?
False
Is 649176552 a multiple of 612?
True
Is 417766995 a multiple of 15?
True
Is 116102873 a multiple of 23?
True
Is 15617304 a multiple of 18?
True
Does 850 divide 420684019?
False
Is 17 a factor of 38325021?
True
Is 278143512 a multiple of 661?
True
Does 9 divide 1809513?
True
Is 51 a factor of 4163356?
False
Is 115663756 a multiple of 12?
False
Is 68 a factor of 49044876?
False
Does 414 divide 82928340?
True
Is 41418852 a multiple of 6?
True
Is 1468337231 a multiple of 19?
False
Is 7035 a factor of 132856068?
False
Is 301025587 a multiple of 71?
True
Does 262 divide 103585057?
False
Does 121 divide 7509260?
True
Is 49 a factor of 5974423?
True
Is 132363750 a multiple of 142?
False
Is 43723085 a multiple of 1777?
True
Is 3858 a factor of 2503128270?
True
Is 20664870 a multiple of 30?
True
Does 4571 divide 1296925259?
True
Is 285612554 a multiple of 422?
True
Is 1777 a factor of 43345980?
False
Does 693 divide 177001209?
True
Is 80455572 a multiple of 60?
False
Is 70 a factor of 24629640?
True
Is 479189819 a multiple of 1426?
False
Is 18405052 a multiple of 73?
True
Is 2798725644 a multiple of 32?
False
Is 6 a factor of 112267157?
False
Is 14767527 a multiple of 1870?
False
Is 746 a factor of 298465648?
True
Is 88800180 a multiple of 17?
True
Is 95 a factor of 37653133?
False
Is 359 a factor of 408414555?
True
Is 152 a factor of 17247592?
True
Does 382 divide 922388569?
False
Is 216759482 a multiple of 3306?
False
Is 7 a factor of 3744272?
True
Is 2717577880 a multiple of 12374?
True
Is 47 a factor of 37770257?
False
Is 93832628 a multiple of 18?
False
Is 3131448144 a multiple of 1122?
True
Is 1215427983 a multiple of 547?
True
Is 1576 a factor of 75184752?
False
Does 160 divide 473055430?
False
Does 92 divide 109650473?
False
Is 2177820 a multiple of 5?
True
Is 1781934765 a multiple of 17?
False
Does 2878 divide 507768400?
False
Is 16 a factor of 137176208?
True
Is 1107 a factor of 42782229?
True
Is 2434 a factor of 2032596890?
True
Is 18 a factor of 1957032?
True
Does 653 divide 2094404?
False
Does 76 divide 64430878?
False
Is 4386424 a multiple of 406?
True
Is 48139432 a multiple of 1677?
False
Is 5 a factor of 171214523?
False
Is 74603351 a multiple of 393?
False
Is 13133288 a multiple of 232?
True
Does 13 divide 29038297?
False
Does 23 divide 20322432?
True
Is 102027724 a multiple of 1465?
False
Does 13 divide 12563445?
False
Is 1721010082 a multiple of 181?
False
Is 165074510 a multiple of 122?
False
Does 5 divide 13962403?
False
Does 174 divide 157974948?
True
Is 6009 a factor of 505472166?
False
Is 49231665 a multiple of 531?
True
Is 1095 a factor of 770970885?
True
Is 19 a factor of 627795573?
False
Is 100 a factor of 417020486?
False
Does 125 divide 16829947?
False
Is 42 a factor of 60520412?
False
Is 22858710 a multiple of 595?
True
Does 50 divide 650385562?
False
Does 4414 divide 24360866?
True
Does 229 divide 80485714?
True
Does 129 divide 1480506426?
True
Does 17 divide 112734782?
False
Is 562 a factor of 21756228?
False
Is 405758946 a multiple of 19?
True
Is 61524224 a multiple of 1139?
True
Does 50 divide 562056100?
True
Is 35274762 a multiple of 34?
True
Does 94 divide 2249232?
True
Is 4497 a factor of 1581298657?
False
Is 34 a factor of 491429642?
True
Is 4763409 a multiple of 175?
False
Is 18417874 a multiple of 12?
False
Is 2332034722 a multiple of 4870?
False
Is 30078916 a multiple of 86?
False
Is 61 a factor of 9869434?
True
Is 1054389308 a multiple of 233?
True
Is 211622355 a multiple of 7?
True
Is 750042248 a multiple of 98?
False
Is 599052104 a multiple of 14?
True
Does 22 divide 289999556?
True
Is 4003303095 a multiple of 135?
True
Is 2105 a factor of 56377288?
False
Does 12756 divide 2781292728?
True
Is 65042131 a multiple of 6077?
True
Is 22 a factor of 156969519?
False
Is 16448915 a multiple of 2333?
False
Is 1236 a factor of 285451724?
False
Does 1377 divide 58134186?
True
Does 16 divide 40438400?
True
Does 579 divide 428973950?
False
Is 605963280 a multiple of 5385?
True
Does 2 divide 1800673?
False
Is 17 a factor of 8703953?
Fal